= -20805 - -22800. What is the remainder when u is divided by 49?
35
Let f be -5 + (-3 - 0)*-6. Suppose -2*q + 162 = 3*b, -4*b = -8*q + f*q - 398. What is the remainder when 542 is divided by q?
74
Let g(r) = 3*r**2 - 21*r + 42. Suppose 2*y + c = 14, -3*y - 16 = -6*y + c. What is the remainder when 92 is divided by g(y)?
20
Let r(c) = c**3 + 8*c**2 - 44*c - 22. Calculate the remainder when r(19) is divided by 39.
36
Suppose 0 = -60*a - 25*a + 16320. Calculate the remainder when a is divided by 144.
48
Let s be (6/(-9))/((-8)/(-780)). Let p = s - -78. Let k = 184 - 123. What is the remainder when k is divided by p?
9
Let l = -2340 - -2723. What is the remainder when l is divided by 17?
9
Suppose -5*o + 26 = -2*q + 73, -3*q = 4*o - 59. Let u(f) = -6*f + 48. Let k = -72 + 78. What is the remainder when q is divided by u(k)?
9
Suppose 116*h - 114*h = -5*b + 19879, -11913 = -3*b - 3*h. What is the remainder when b is divided by 181?
178
Let v be 1/((3/207)/(-2 - -3)). Suppose 27 - v = -2*z. Suppose 20*m - z = 19*m. Calculate the remainder when 57 is divided by m.
15
Let y(o) = 12*o**2 + o + 2. Calculate the remainder when -13 + -31 + 48 - -53 is divided by y(2).
5
Let y = 7 - 8. Let g(n) = 3*n**2 - n. What is the remainder when 190/19*((-40)/(-25) - 1) is divided by g(y)?
2
Suppose 69*s = 65*s + 56. Let n(t) = t**2 - 11*t - 14. Let d be n(10). Calculate the remainder when 2/12 - 812/d is divided by s.
6
Suppose -2*v + 2 = -40. Let m(x) = x**2 - 21*x + 5. What is the remainder when 92 is divided by m(v)?
2
Let g(v) = -v**3 - 13*v**2 + 4*v + 39. Let z be g(-14). Suppose z = 9*k + 44. Calculate the remainder when k is divided by 4.
3
Let u(g) = g - 7. Let t be u(9). Suppose t*j - 156 = 50. Calculate the remainder when j is divided by 56.
47
Suppose 0 = -4*n + 5*t + 245, 3*t + 5 = -10. Calculate the remainder when 146 is divided by n.
36
Let c(y) = y**3 - 4*y**2 - 2*y - 3. Let k be c(7). Let v = k + -87. What is the remainder when v is divided by ((-12)/14)/3 + (-1700)/(-70)?
19
Suppose 4*i + 73 = 3*i. Let m = i - -189. Let r = -61 + m. What is the remainder when r is divided by 21?
13
Suppose 68*c - 19558 - 86390 = -41*c. What is the remainder when c is divided by 480?
12
Let u = 4108 - 4101. What is the remainder when 2524/14 - 2/7 is divided by u?
5
Let b = 59 - 30. Suppose 24*v = -10*v - 348160. Calculate the remainder when (-4)/18 - v/72 is divided by b.
26
Let t(l) = -99*l**3 - 3*l**2 + 2. Let g be t(1). Let x = 111 + g. What is the remainder when 118 is divided by x?
8
Suppose -5*p = -29 + 4. Suppose 2*l - 30 = -4*q - 0*q, -30 = -p*q - l. Suppose 4 - 49 = -q*g. Calculate the remainder when g is divided by 5.
4
Let k(a) = -17*a**3 - 43*a**2 + 26. What is the remainder when k(-7) is divided by 9?
6
Suppose h - 2*h + 75 = 0. Suppose 218*d + 3955 = -56*d + 11901. Calculate the remainder when h is divided by d.
17
Let z = 31 + 5. Let c = -511 + 818. Let i = -288 + c. Calculate the remainder when z is divided by i.
17
Suppose -5*u = 23 + 7. Let m be 6604/13*u/(-8). Suppose 85 = -4*g + m. What is the remainder when g is divided by 11?
8
Suppose 0 = -3*s - 2*k + 48, 0 = 3*s - 935*k + 938*k - 45. Calculate the remainder when 536 is divided by s.
14
Suppose 188*y = -23*y + 51*y + 3840. Let d be 2/9 + 68/18. Suppose 4*w + 4*j - 256 = 0, -d*w = -8*w - 2*j + 258. What is the remainder when w is divided by y?
17
Calculate the remainder when 32 is divided by 33*24*(-9)/(-792).
5
Let n(f) = 48*f - 3. Calculate the remainder when n(5) is divided by (-20)/1*(10 - (-992)/(-80)).
45
Let v(d) = d**2 - 102*d + 505. Calculate the remainder when 737 is divided by v(5).
17
Let n(b) = 6*b**2 + 2*b + 6. Let j = -117 - -113. Let h be n(j). Suppose -2 = -8*g + h. What is the remainder when 70 is divided by g?
10
Let l be (-8)/32 - 34/(-8). Suppose 8*q = 4*q - l. Calculate the remainder when (24/(-20))/(9/930*q) is divided by 18.
16
Let l(c) = -c**3 + 3*c + 1. Let f be l(2). What is the remainder when 6/16 + f*(-5703)/24 is divided by 16?
14
Let w be (-701)/(-5) - (-4 + 48/15). Suppose 171 = 4*o - w. Suppose -4*q = -o + 6. Calculate the remainder when 105 is divided by q.
15
Let s(r) = -r + 701. Calculate the remainder when 1551 is divided by s(-69).
11
Calculate the remainder when (4674/8 - -2) + 7/((-280)/(-30)) is divided by 49.
48
Suppose 34*j - 15620 = -67*j - 41*j. Calculate the remainder when 364 is divided by j.
34
Suppose 32*p = 34*p - 58. Let s = 124 - -252. What is the remainder when s is divided by p?
28
What is the remainder when ((-6)/5)/((-74)/39405) - (-1 - -1) is divided by 25?
14
Suppose -3*a = 5*j - 56, 2*a + j = -4*j + 39. Suppose 4*o + 24 = 320. Let g = o + -65. What is the remainder when a is divided by g?
8
Let n = 21 - 4. Let b = -6449 + 6437. Let v = n + b. Calculate the remainder when 16 is divided by v.
1
Suppose 4 - 36 = -w. Let k be 13/3 - w/(-48). Suppose -k*n + 2*n = -9. What is the remainder when 15 is divided by n?
0
Let m(n) be the second derivative of n**3/3 + 131*n**2/2 + 240*n. What is the remainder when m(24) is divided by 13?
10
Suppose 40*g - 21 = 33*g. What is the remainder when 41 is divided by (-98 - -101)/(g/7)?
6
Let q(x) = 6*x**2 + 15*x - 2. Let n be q(4). Let z = n + -64. Suppose s - 24 = -2*c, 0 = s + 4*s + 4*c - z. Calculate the remainder when 109 is divided by s.
11
Let o = 11218 - 11206. What is the remainder when 1115 is divided by o?
11
Let k = 9586 + -9572. What is the remainder when 2099 is divided by k?
13
Let t(q) = -2*q - 105. Let i(c) = 3*c + 155. Let n(z) = -5*i(z) - 8*t(z). What is the remainder when n(-14) is divided by 18?
15
Suppose 3*b = 4*p - 10, -15*p + 3*b + 6 = -12*p. Suppose -4*o + 3*o + 2*l + 63 = 0, -p*o + 2*l + 240 = 0. What is the remainder when o is divided by 7?
3
Let d(i) = -14*i - 23. Let v be d(-2). Suppose v*r - 592 = j - 79, 2*r = -5*j + 216. Calculate the remainder when r is divided by 26.
25
Let q be 12 + 0/((-12)/6). Let z(p) = -p**3 + 13*p**2 + 19*p - 2. Calculate the remainder when z(q) is divided by 62.
60
Suppose -2404 = -4*m - 2*n, 0 = -9*n + 7*n - 16. What is the remainder when m is divided by 44?
33
Let k be ((-3)/(15/4))/(31/8060). Let n = 217 + k. Let i = 42 + -17. What is the remainder when i is divided by n?
7
Suppose -114*o + 41900 + 46222 = 0. Calculate the remainder when o is divided by 43.
42
Let k be (140/(-6))/(52/(-78)). Suppose -2*q + 90 = -0*q - 2*t, q + t = k. What is the remainder when 439 is divided by q?
39
Let y = 2068 + -2033. Calculate the remainder when 351 is divided by y.
1
Suppose -5*s + 3*t = -s + 261, t + 212 = -3*s. Suppose 539 = -6*o - 55. Let z = s - o. Calculate the remainder when z is divided by 11.
8
Suppose -4*o + 2*o - 2*p + 396 = 0, -2*o - 4*p = -402. Suppose -6*j + o = 9*j. Calculate the remainder when (9/2)/3*34 is divided by j.
12
Suppose 124*m - 56*m - 100 = 63*m. What is the remainder when (-6)/(2 - 79/38) is divided by m?
16
Let q be (-4045)/30 - 2/12. Let w = -115 - q. Let f = 236 + -119. Calculate the remainder when f is divided by w.
17
Let o(f) = f**3 + 5*f**2 + 5*f + 13. Let g be o(-4). Calculate the remainder when (-10)/3 + 4 - (-552)/g is divided by (1 + 22 - (3 + -6))/2.
10
Let k(a) = -35*a**2 - 3*a. Let r be k(-2). Let n = r - -172. Calculate the remainder when n is divided by 10.
8
Let t = 3860 + -2282. Let i = 2799 - t. Suppose -8*m = 3*m - i. Calculate the remainder when m is divided by 28.
27
Let q = 180 + -180. Suppose q = -u + 4*u - 4*a - 32, -4*a = -2*u + 20. Calculate the remainder when 36 is divided by u.
0
Calculate the remainder when (-245)/(-196)*12/3 - 380/(-5) is divided by 39.
3
Suppose 82 = 5*s + 7. Let o = 74 + -79. Calculate the remainder when (o - 1)*-7 - (-2)/2 is divided by s.
13
Let r(w) = 9*w - 2 - w - 2. Suppose 0 = -6383*s + 6392*s - 18. What is the remainder when 34 is divided by r(s)?
10
Let r = -1022 + 1036. Let f(z) be the third derivative of 37*z**6/120 + z**4/24 - z**3/6 + z**2. What is the remainder when f(1) is divided by r?
9
Let s = 10 - 7. Suppose -g - h + 43 = g, 4*g - s*h = 111. Calculate the remainder when ((-1497)/(-21) - 1) + (-38)/133 is divided by g.
22
Suppose -5*v = -10, 4*y - 8*y + v = -6. Suppose 3*m = y*m + 1503. Suppose 7*x = -2*x + m. Calculate the remainder when x is divided by 42.